{"id":1041,"date":"2021-11-04T17:39:58","date_gmt":"2021-11-04T16:39:58","guid":{"rendered":"http:\/\/amimuse.org\/?page_id=1041"},"modified":"2021-11-05T14:18:51","modified_gmt":"2021-11-05T13:18:51","slug":"remando","status":"publish","type":"page","link":"http:\/\/amimuse.org\/?page_id=1041","title":{"rendered":"REMANDO"},"content":{"rendered":"\n<p class=\"has-text-align-center\">Cliquez sur la page choisie :<\/p>\n\n\n\n<p class=\"has-text-align-center has-header-gradient-color has-text-color\"><strong><a href=\"http:\/\/amimuse.org\/?page_id=989\">Fl\u00fbte<\/a> \u2022 <a href=\"http:\/\/amimuse.org\/?page_id=993\">Clarinette<\/a> \u2022 <a href=\"http:\/\/amimuse.org\/?page_id=1013\">Cor<\/a> \u2022 <a href=\"http:\/\/amimuse.org\/?page_id=1017\">Basson<\/a><\/strong><\/p>\n\n\n\n<p class=\"has-text-align-center has-medium-font-size\"><a href=\"http:\/\/amimuse.org\/?page_id=989\"><strong><a href=\"http:\/\/amimuse.org\/?page_id=1030\">01-Vent de folie<\/a> \u2022 <a href=\"http:\/\/amimuse.org\/?page_id=1033\">02-Fibich<\/a> \u2022 <a href=\"http:\/\/amimuse.org\/?page_id=1041\">03-Remando<\/a> \u2022 <a href=\"http:\/\/amimuse.org\/?page_id=1045\">04-R\u00eaverie<\/a><br><a href=\"http:\/\/amimuse.org\/?page_id=1052\">05-Quintette de Taffanel<\/a> \u2022 <a href=\"http:\/\/amimuse.org\/?page_id=1058\">06-La Comt\u00e9<\/a><br><a href=\"http:\/\/amimuse.org\/?page_id=1064\">07-Concerto pour cor<\/a> \u2022 <a href=\"http:\/\/amimuse.org\/?page_id=1073\">08-Le Mal du pays<\/a> \u2022 <a href=\"http:\/\/amimuse.org\/?page_id=1079\">09-Le joueur de vielle<\/a><br><a href=\"http:\/\/amimuse.org\/?page_id=1089\">10-Valse de mariage<\/a> \u2022 <a href=\"http:\/\/amimuse.org\/?page_id=1106\">11-Grandfather<\/a><\/strong><br><a href=\"http:\/\/amimuse.org\/?page_id=1177\">Ensemble Les Quatre Vents<\/a><\/a><\/p>\n\n\n\n<div style=\"height:100px\" aria-hidden=\"true\" class=\"wp-block-spacer\"><\/div>\n\n\n\n<p class=\"has-text-align-center has-accent-color has-text-color\" style=\"font-size:40px\"><strong>Remando, de Ernesto Nazareth<\/strong><\/p>\n\n\n\n<div class=\"wp-block-media-text alignwide is-stacked-on-mobile\" style=\"grid-template-columns:19% auto\"><figure class=\"wp-block-media-text__media\"><img loading=\"lazy\" width=\"250\" height=\"342\" src=\"http:\/\/amimuse.org\/wp-content\/uploads\/2021\/11\/nazareth-250.jpg\" alt=\"\" class=\"wp-image-979\" srcset=\"http:\/\/amimuse.org\/wp-content\/uploads\/2021\/11\/nazareth-250.jpg 250w, http:\/\/amimuse.org\/wp-content\/uploads\/2021\/11\/nazareth-250-219x300.jpg 219w\" sizes=\"(max-width: 250px) 100vw, 250px\" \/><\/figure><div class=\"wp-block-media-text__content\">\n<p>Ernesto Nazareth (Rio de Janeiro, 1863 &#8211; 1934) \u00e9tait un pianiste et compositeur br\u00e9silien, consid\u00e9r\u00e9 comme l\u2019un des grands noms du <strong><em>choro<\/em><\/strong>.<br>Le <em>choro<\/em> est une musique \u00abclassique\u00bb br\u00e9silienne qui est n\u00e9e au xix<sup>e<\/sup> si\u00e8cle. Bien que <em>choro<\/em> veuille dire <em>lamentation<\/em>, cette musique est plut\u00f4t joyeuse. Le choro a \u00e9t\u00e9 tr\u00e8s influenc\u00e9 par les musiques classiques europ\u00e9ennes, notamment par Bach, par les danses (la valse, la polka) ou par des rythmes africains. Il s\u2019est impos\u00e9 peu \u00e0 peu comme typiquement br\u00e9silien. On le joue en cercle, chez des amis, au bar, ou dans la rue. Le public \u00e9coute \u00e0 l\u2019ext\u00e9rieur du cercle. Le choro comporte tr\u00e8s souvent trois\u202fm\u00e9lodies A, B, C, jou\u00e9es toujours de la m\u00eame fa\u00e7on : AA &#8211; BB &#8211; A &#8211; CC &#8211; A.<br>On le joue traditionnellement avec une guitare basse \u00e0 7\u202fcordes, une guitare classique, une mandoline, une fl\u00fbte ou une clarinette, une cavaquinho (petite guitare) et un pandeiro (tambourin) :<\/p>\n<\/div><\/div>\n\n\n\n<div class=\"wp-block-image\"><figure class=\"aligncenter size-large\"><img loading=\"lazy\" width=\"600\" height=\"307\" src=\"http:\/\/amimuse.org\/wp-content\/uploads\/2021\/11\/Instruments-choro-600.jpg\" alt=\"\" class=\"wp-image-982\" srcset=\"http:\/\/amimuse.org\/wp-content\/uploads\/2021\/11\/Instruments-choro-600.jpg 600w, http:\/\/amimuse.org\/wp-content\/uploads\/2021\/11\/Instruments-choro-600-300x154.jpg 300w\" sizes=\"(max-width: 600px) 100vw, 600px\" \/><\/figure><\/div>\n\n\n\n<figure class=\"wp-block-video aligncenter\"><video controls poster=\"http:\/\/amimuse.org\/wp-content\/uploads\/2021\/11\/Choro-image-600.jpg\" src=\"http:\/\/amimuse.org\/wp-content\/uploads\/2021\/11\/Choro.mp4\"><\/video><figcaption>Cette premi\u00e8re vid\u00e9o montre une groupe de musiciens br\u00e9siliens qui jouent chez eux le <em>Choro pesado<\/em> (<em>Des pleurs abondants<\/em>). La gaiet\u00e9 de la musique ne correspond pas vraiment au titre !<\/figcaption><\/figure>\n\n\n\n<div style=\"height:80px\" aria-hidden=\"true\" class=\"wp-block-spacer\"><\/div>\n\n\n\n<figure class=\"wp-block-video\"><video controls src=\"http:\/\/amimuse.org\/wp-content\/uploads\/2021\/11\/Remando.mp4\"><\/video><figcaption>Remando de Ernesto Nazareth par Antonio Ajero (9 ans)<\/figcaption><\/figure>\n\n\n\n<div style=\"height:44px\" aria-hidden=\"true\" class=\"wp-block-spacer\"><\/div>\n\n\n\n<figure class=\"wp-block-audio\"><audio controls src=\"http:\/\/amimuse.org\/wp-content\/uploads\/2021\/11\/Remando-1.mp3\"><\/audio><figcaption>Remando de Ernesto Nazareth<\/figcaption><\/figure>\n","protected":false},"excerpt":{"rendered":"<p>Cliquez sur la page choisie : Fl\u00fbte \u2022 Clarinette \u2022 Cor \u2022 Basson 01-Vent de folie \u2022 02-Fibich \u2022 03-Remando \u2022 04-R\u00eaverie05-Quintette de Taffanel \u2022 06-La Comt\u00e907-Concerto pour cor \u2022 08-Le Mal du pays \u2022 09-Le joueur de vielle10-Valse de mariage \u2022 11-GrandfatherEnsemble Les Quatre Vents Remando, de Ernesto Nazareth [&hellip;]<\/p>\n","protected":false},"author":1,"featured_media":929,"parent":0,"menu_order":0,"comment_status":"closed","ping_status":"closed","template":"","meta":[],"_links":{"self":[{"href":"http:\/\/amimuse.org\/index.php?rest_route=\/wp\/v2\/pages\/1041"}],"collection":[{"href":"http:\/\/amimuse.org\/index.php?rest_route=\/wp\/v2\/pages"}],"about":[{"href":"http:\/\/amimuse.org\/index.php?rest_route=\/wp\/v2\/types\/page"}],"author":[{"embeddable":true,"href":"http:\/\/amimuse.org\/index.php?rest_route=\/wp\/v2\/users\/1"}],"replies":[{"embeddable":true,"href":"http:\/\/amimuse.org\/index.php?rest_route=%2Fwp%2Fv2%2Fcomments&post=1041"}],"version-history":[{"count":4,"href":"http:\/\/amimuse.org\/index.php?rest_route=\/wp\/v2\/pages\/1041\/revisions"}],"predecessor-version":[{"id":1199,"href":"http:\/\/amimuse.org\/index.php?rest_route=\/wp\/v2\/pages\/1041\/revisions\/1199"}],"wp:featuredmedia":[{"embeddable":true,"href":"http:\/\/amimuse.org\/index.php?rest_route=\/wp\/v2\/media\/929"}],"wp:attachment":[{"href":"http:\/\/amimuse.org\/index.php?rest_route=%2Fwp%2Fv2%2Fmedia&parent=1041"}],"curies":[{"name":"wp","href":"https:\/\/api.w.org\/{rel}","templated":true}]}}

<p class="has-text-align-center">Cliquez sur la page choisie :</p>



<p class="has-text-align-center has-header-gradient-color has-text-color"><strong><a href="http://amimuse.org/?page_id=989">Flûte</a> • <a href="http://amimuse.org/?page_id=993">Clarinette</a> • <a href="http://amimuse.org/?page_id=1013">Cor</a> • <a href="http://amimuse.org/?page_id=1017">Basson</a></strong></p>



<p class="has-text-align-center has-medium-font-size"><a href="http://amimuse.org/?page_id=989"><strong><a href="http://amimuse.org/?page_id=1030">01-Vent de folie</a> • <a href="http://amimuse.org/?page_id=1033">02-Fibich</a> • <a href="http://amimuse.org/?page_id=1041">03-Remando</a> • <a href="http://amimuse.org/?page_id=1045">04-Rêverie</a><br><a href="http://amimuse.org/?page_id=1052">05-Quintette de Taffanel</a> • <a href="http://amimuse.org/?page_id=1058">06-La Comté</a><br><a href="http://amimuse.org/?page_id=1064">07-Concerto pour cor</a> • <a href="http://amimuse.org/?page_id=1073">08-Le Mal du pays</a> • <a href="http://amimuse.org/?page_id=1079">09-Le joueur de vielle</a><br><a href="http://amimuse.org/?page_id=1089">10-Valse de mariage</a> • <a href="http://amimuse.org/?page_id=1106">11-Grandfather</a></strong><br><a href="http://amimuse.org/?page_id=1177">Ensemble Les Quatre Vents</a></a></p>



<div style="height:100px" aria-hidden="true" class="wp-block-spacer"></div>



<p class="has-text-align-center has-accent-color has-text-color" style="font-size:40px"><strong>Remando, de Ernesto Nazareth</strong></p>



<div class="wp-block-media-text alignwide is-stacked-on-mobile" style="grid-template-columns:19% auto"><figure class="wp-block-media-text__media"><img loading="lazy" width="250" height="342" src="http://amimuse.org/wp-content/uploads/2021/11/nazareth-250.jpg" alt="" class="wp-image-979" srcset="http://amimuse.org/wp-content/uploads/2021/11/nazareth-250.jpg 250w, http://amimuse.org/wp-content/uploads/2021/11/nazareth-250-219x300.jpg 219w" sizes="(max-width: 250px) 100vw, 250px" /></figure><div class="wp-block-media-text__content">
<p>Ernesto Nazareth (Rio de Janeiro, 1863 &#8211; 1934) était un pianiste et compositeur brésilien, considéré comme l’un des grands noms du <strong><em>choro</em></strong>.<br>Le <em>choro</em> est une musique «classique» brésilienne qui est née au xix<sup>e</sup> siècle. Bien que <em>choro</em> veuille dire <em>lamentation</em>, cette musique est plutôt joyeuse. Le choro a été très influencé par les musiques classiques européennes, notamment par Bach, par les danses (la valse, la polka) ou par des rythmes africains. Il s’est imposé peu à peu comme typiquement brésilien. On le joue en cercle, chez des amis, au bar, ou dans la rue. Le public écoute à l’extérieur du cercle. Le choro comporte très souvent trois mélodies A, B, C, jouées toujours de la même façon : AA &#8211; BB &#8211; A &#8211; CC &#8211; A.<br>On le joue traditionnellement avec une guitare basse à 7 cordes, une guitare classique, une mandoline, une flûte ou une clarinette, une cavaquinho (petite guitare) et un pandeiro (tambourin) :</p>
</div></div>



<div class="wp-block-image"><figure class="aligncenter size-large"><img loading="lazy" width="600" height="307" src="http://amimuse.org/wp-content/uploads/2021/11/Instruments-choro-600.jpg" alt="" class="wp-image-982" srcset="http://amimuse.org/wp-content/uploads/2021/11/Instruments-choro-600.jpg 600w, http://amimuse.org/wp-content/uploads/2021/11/Instruments-choro-600-300x154.jpg 300w" sizes="(max-width: 600px) 100vw, 600px" /></figure></div>



<figure class="wp-block-video aligncenter"><video controls poster="http://amimuse.org/wp-content/uploads/2021/11/Choro-image-600.jpg" src="http://amimuse.org/wp-content/uploads/2021/11/Choro.mp4"></video><figcaption>Cette première vidéo montre une groupe de musiciens brésiliens qui jouent chez eux le <em>Choro pesado</em> (<em>Des pleurs abondants</em>). La gaieté de la musique ne correspond pas vraiment au titre !</figcaption></figure>



<div style="height:80px" aria-hidden="true" class="wp-block-spacer"></div>



<figure class="wp-block-video"><video controls src="http://amimuse.org/wp-content/uploads/2021/11/Remando.mp4"></video><figcaption>Remando de Ernesto Nazareth par Antonio Ajero (9 ans)</figcaption></figure>



<div style="height:44px" aria-hidden="true" class="wp-block-spacer"></div>



<figure class="wp-block-audio"><audio controls src="http://amimuse.org/wp-content/uploads/2021/11/Remando-1.mp3"></audio><figcaption>Remando de Ernesto Nazareth</figcaption></figure>

<p>Cliquez sur la page choisie : Flûte • Clarinette • Cor • Basson 01-Vent de folie • 02-Fibich • 03-Remando • 04-Rêverie05-Quintette de Taffanel • 06-La Comté07-Concerto pour cor • 08-Le Mal du pays • 09-Le joueur de vielle10-Valse de mariage • 11-GrandfatherEnsemble Les Quatre Vents Remando, de Ernesto Nazareth [&hellip;]</p>
