{"id":1045,"date":"2021-11-04T17:45:13","date_gmt":"2021-11-04T16:45:13","guid":{"rendered":"http:\/\/amimuse.org\/?page_id=1045"},"modified":"2021-11-08T09:19:51","modified_gmt":"2021-11-08T08:19:51","slug":"traumerei","status":"publish","type":"page","link":"http:\/\/amimuse.org\/?page_id=1045","title":{"rendered":"TRAUMEREI"},"content":{"rendered":"\n<p class=\"has-text-align-center\">Cliquez sur la page choisie :<\/p>\n\n\n\n<p class=\"has-text-align-center has-header-gradient-color has-text-color\"><strong><a href=\"http:\/\/amimuse.org\/?page_id=989\">Fl\u00fbte<\/a> \u2022 <a href=\"http:\/\/amimuse.org\/?page_id=993\">Clarinette<\/a> \u2022 <a href=\"http:\/\/amimuse.org\/?page_id=1013\">Cor<\/a> \u2022 <a href=\"http:\/\/amimuse.org\/?page_id=1017\">Basson<\/a><\/strong><\/p>\n\n\n\n<p class=\"has-text-align-center has-medium-font-size\"><a href=\"http:\/\/amimuse.org\/?page_id=989\"><strong><a href=\"http:\/\/amimuse.org\/?page_id=1030\">01-Vent de folie<\/a> \u2022 <a href=\"http:\/\/amimuse.org\/?page_id=1033\">02-Fibich<\/a> \u2022 <a href=\"http:\/\/amimuse.org\/?page_id=1041\">03-Remando<\/a> \u2022 <a href=\"http:\/\/amimuse.org\/?page_id=1045\">04-R\u00eaverie<\/a><br><a href=\"http:\/\/amimuse.org\/?page_id=1052\">05-Quintette de Taffanel<\/a> \u2022 <a href=\"http:\/\/amimuse.org\/?page_id=1058\">06-La Comt\u00e9<\/a><br><a href=\"http:\/\/amimuse.org\/?page_id=1064\">07-Concerto pour cor<\/a> \u2022 <a href=\"http:\/\/amimuse.org\/?page_id=1073\">08-Le Mal du pays<\/a> \u2022 <a href=\"http:\/\/amimuse.org\/?page_id=1079\">09-Le joueur de vielle<\/a><br><a href=\"http:\/\/amimuse.org\/?page_id=1089\">10-Valse de mariage<\/a> \u2022 <a href=\"http:\/\/amimuse.org\/?page_id=1106\">11-Grandfather<\/a><\/strong><br><a href=\"http:\/\/amimuse.org\/?page_id=1177\">Ensemble Les Quatre Vents<\/a><\/a><\/p>\n\n\n\n<div style=\"height:100px\" aria-hidden=\"true\" class=\"wp-block-spacer\"><\/div>\n\n\n\n<p class=\"has-text-align-center has-accent-color has-text-color\" style=\"font-size:40px\">\u00ab <strong>R\u00eaverie \u00bb de Robert Schumann<\/strong><\/p>\n\n\n\n<div style=\"height:50px\" aria-hidden=\"true\" class=\"wp-block-spacer\"><\/div>\n\n\n\n<div class=\"wp-block-media-text alignwide is-stacked-on-mobile\" style=\"grid-template-columns:25% auto\"><figure class=\"wp-block-media-text__media\"><img loading=\"lazy\" width=\"250\" height=\"321\" src=\"http:\/\/amimuse.org\/wp-content\/uploads\/2021\/11\/Robert_Schumann-cadre-250.jpg\" alt=\"\" class=\"wp-image-1046\" srcset=\"http:\/\/amimuse.org\/wp-content\/uploads\/2021\/11\/Robert_Schumann-cadre-250.jpg 250w, http:\/\/amimuse.org\/wp-content\/uploads\/2021\/11\/Robert_Schumann-cadre-250-234x300.jpg 234w\" sizes=\"(max-width: 250px) 100vw, 250px\" \/><\/figure><div class=\"wp-block-media-text__content\">\n<p>Robert Schumann (1810-1856), est un pianiste et compositeur allemand. Sa musique s\u2019inscrit dans le mouvement romantique, qui domine au d\u00e9but du xix<sup>e<\/sup> si\u00e8cle dans une Europe en pleine mutation.&nbsp;<\/p>\n\n\n\n<p>Compositeur litt\u00e9raire par excellence, Schumann et sa musique illustrent le romantisme passionn\u00e9. La pi\u00e8ce Tra\u00fcmerei est extraite des <em>Sc\u00e8nes d\u2019enfant<\/em>s (<em>Kinderszenen<\/em>).&nbsp;<\/p>\n\n\n\n<p>Schumann \u00e9tait alors tr\u00e8s amoureux de Clara Wieck, pianiste et compositrice, avec laquelle il se maria plus tard. En lui envoyant ce recueil, il lui \u00e9crivit : \u00ab\u202fEst-ce une r\u00e9ponse inconsciente au sens des mots que tu m\u2019\u00e9crivais un jour : tu me fais parfois l\u2019effet d\u2019un enfant ! S\u2019il en est ainsi, tu verras que les ailes ont pouss\u00e9 \u00e0 cet enfant&#8230; Tu prendras sans doute plaisir \u00e0 jouer ces petites pi\u00e8ces, mais il te faudra oublier que tu es une virtuose. (&#8230;) Il faudra te garder des effets, mais te laisser aller \u00e0 leur gr\u00e2ce toute simple, naturelle et sans appr\u00eat \u00bb.<\/p>\n<\/div><\/div>\n\n\n\n<div style=\"height:50px\" aria-hidden=\"true\" class=\"wp-block-spacer\"><\/div>\n\n\n\n<figure class=\"wp-block-video\"><video controls src=\"http:\/\/amimuse.org\/wp-content\/uploads\/2021\/11\/Traumerei.mp4\"><\/video><figcaption>La vid\u00e9o vous pr\u00e9sente l\u2019interpr\u00e9tation de la pi\u00e8ce de Schumann par Valentina Lisitsa \u00e0 la fin d\u2019un concert (en bis).<\/figcaption><\/figure>\n\n\n\n<div style=\"height:56px\" aria-hidden=\"true\" class=\"wp-block-spacer\"><\/div>\n\n\n\n<figure class=\"wp-block-audio\"><audio controls src=\"http:\/\/amimuse.org\/wp-content\/uploads\/2021\/11\/Traumerei.mp3\"><\/audio><figcaption>R\u00eaverie de Schumann<\/figcaption><\/figure>\n","protected":false},"excerpt":{"rendered":"<p>Cliquez sur la page choisie : Fl\u00fbte \u2022 Clarinette \u2022 Cor \u2022 Basson 01-Vent de folie \u2022 02-Fibich \u2022 03-Remando \u2022 04-R\u00eaverie05-Quintette de Taffanel \u2022 06-La Comt\u00e907-Concerto pour cor \u2022 08-Le Mal du pays \u2022 09-Le joueur de vielle10-Valse de mariage \u2022 11-GrandfatherEnsemble Les Quatre Vents \u00ab R\u00eaverie \u00bb de [&hellip;]<\/p>\n","protected":false},"author":1,"featured_media":929,"parent":0,"menu_order":0,"comment_status":"closed","ping_status":"closed","template":"","meta":[],"_links":{"self":[{"href":"http:\/\/amimuse.org\/index.php?rest_route=\/wp\/v2\/pages\/1045"}],"collection":[{"href":"http:\/\/amimuse.org\/index.php?rest_route=\/wp\/v2\/pages"}],"about":[{"href":"http:\/\/amimuse.org\/index.php?rest_route=\/wp\/v2\/types\/page"}],"author":[{"embeddable":true,"href":"http:\/\/amimuse.org\/index.php?rest_route=\/wp\/v2\/users\/1"}],"replies":[{"embeddable":true,"href":"http:\/\/amimuse.org\/index.php?rest_route=%2Fwp%2Fv2%2Fcomments&post=1045"}],"version-history":[{"count":6,"href":"http:\/\/amimuse.org\/index.php?rest_route=\/wp\/v2\/pages\/1045\/revisions"}],"predecessor-version":[{"id":1223,"href":"http:\/\/amimuse.org\/index.php?rest_route=\/wp\/v2\/pages\/1045\/revisions\/1223"}],"wp:featuredmedia":[{"embeddable":true,"href":"http:\/\/amimuse.org\/index.php?rest_route=\/wp\/v2\/media\/929"}],"wp:attachment":[{"href":"http:\/\/amimuse.org\/index.php?rest_route=%2Fwp%2Fv2%2Fmedia&parent=1045"}],"curies":[{"name":"wp","href":"https:\/\/api.w.org\/{rel}","templated":true}]}}