{"id":1073,"date":"2021-11-04T18:11:28","date_gmt":"2021-11-04T17:11:28","guid":{"rendered":"http:\/\/amimuse.org\/?page_id=1073"},"modified":"2021-11-05T14:19:33","modified_gmt":"2021-11-05T13:19:33","slug":"heimweh","status":"publish","type":"page","link":"http:\/\/amimuse.org\/?page_id=1073","title":{"rendered":"HEIMWEH"},"content":{"rendered":"\n<p class=\"has-text-align-center\">Cliquez sur la page choisie :<\/p>\n\n\n\n<p class=\"has-text-align-center has-header-gradient-color has-text-color\"><strong><a href=\"http:\/\/amimuse.org\/?page_id=989\">Fl\u00fbte<\/a> \u2022 <a href=\"http:\/\/amimuse.org\/?page_id=993\">Clarinette<\/a> \u2022 <a href=\"http:\/\/amimuse.org\/?page_id=1013\">Cor<\/a> \u2022 <a href=\"http:\/\/amimuse.org\/?page_id=1017\">Basson<\/a><\/strong><\/p>\n\n\n\n<p class=\"has-text-align-center has-medium-font-size\"><a href=\"http:\/\/amimuse.org\/?page_id=989\"><strong><a href=\"http:\/\/amimuse.org\/?page_id=1030\">01-Vent de folie<\/a> \u2022 <a href=\"http:\/\/amimuse.org\/?page_id=1033\">02-Fibich<\/a> \u2022 <a href=\"http:\/\/amimuse.org\/?page_id=1041\">03-Remando<\/a> \u2022 <a href=\"http:\/\/amimuse.org\/?page_id=1045\">04-R\u00eaverie<\/a><br><a href=\"http:\/\/amimuse.org\/?page_id=1052\">05-Quintette de Taffanel<\/a> \u2022 <a href=\"http:\/\/amimuse.org\/?page_id=1058\">06-La Comt\u00e9<\/a><br><a href=\"http:\/\/amimuse.org\/?page_id=1064\">07-Concerto pour cor<\/a> \u2022 <a href=\"http:\/\/amimuse.org\/?page_id=1073\">08-Le Mal du pays<\/a> \u2022 <a href=\"http:\/\/amimuse.org\/?page_id=1079\">09-Le joueur de vielle<\/a><br><a href=\"http:\/\/amimuse.org\/?page_id=1089\">10-Valse de mariage<\/a> \u2022 <a href=\"http:\/\/amimuse.org\/?page_id=1106\">11-Grandfather<\/a><\/strong><br><a href=\"http:\/\/amimuse.org\/?page_id=1177\">Ensemble Les Quatre Vents<\/a><\/a><\/p>\n\n\n\n<div style=\"height:100px\" aria-hidden=\"true\" class=\"wp-block-spacer\"><\/div>\n\n\n\n<p class=\"has-text-align-center has-accent-color has-text-color\" style=\"font-size:40px\"><strong><em>Le mal du Pays (Heimweh)<\/em>, de Edvard Grieg<\/strong><\/p>\n\n\n\n<div style=\"height:52px\" aria-hidden=\"true\" class=\"wp-block-spacer\"><\/div>\n\n\n\n<div class=\"wp-block-media-text alignwide is-stacked-on-mobile\" style=\"grid-template-columns:19% auto\"><figure class=\"wp-block-media-text__media\"><img loading=\"lazy\" width=\"250\" height=\"344\" src=\"http:\/\/amimuse.org\/wp-content\/uploads\/2021\/11\/Grieg_portrait-250.jpg\" alt=\"\" class=\"wp-image-1075\" srcset=\"http:\/\/amimuse.org\/wp-content\/uploads\/2021\/11\/Grieg_portrait-250.jpg 250w, http:\/\/amimuse.org\/wp-content\/uploads\/2021\/11\/Grieg_portrait-250-218x300.jpg 218w\" sizes=\"(max-width: 250px) 100vw, 250px\" \/><\/figure><div class=\"wp-block-media-text__content\">\n<p>Edvard Grieg (1843-1907), est un compositeur et pianiste norv\u00e9gien de la p\u00e9riode romantique. Sa d\u00e9couverte en 1863 du folklore norv\u00e9gien et de ses danses paysannes en fera toute sa vie un militant in\u00e9puisable d\u2019un art musical national. Grand harmoniste (auquel ne seront pas indiff\u00e9rents Claude Debussy, Maurice Ravel et Olivier Messiaen), ma\u00eetre de la petite forme (pi\u00e8ces pour piano), il composera ses \u0153uvres les plus c\u00e9l\u00e8bres dans le domaine orchestral, comme le <em>Concerto pour piano<\/em> en la mineur, et <em>Peer Gynt<\/em>, musique de sc\u00e8ne compos\u00e9e pour le drame d\u2019Henrik Ibsen.<\/p>\n\n\n\n<p>La pi\u00e8ce <em>Heimweh<\/em> (<em>Le mal du pays<\/em>) alterne une partie nostalgique, presque douloureuse, et une partie joyeuse et anim\u00e9e, magnifique illustration de ce que peut \u00eatre le \u00ab\u202fmal du pays\u202f\u00bb.<\/p>\n<\/div><\/div>\n\n\n\n<div style=\"height:52px\" aria-hidden=\"true\" class=\"wp-block-spacer\"><\/div>\n\n\n\n<figure class=\"wp-block-video\"><video controls src=\"http:\/\/amimuse.org\/wp-content\/uploads\/2021\/11\/Grieg.mp4\"><\/video><figcaption>La vid\u00e9o <strong><em>Grieg.mp4<\/em><\/strong> (2\u201930) vous fait entendre le d\u00e9but de la partition originale pour piano, jou\u00e9e par Emil Gilels.<\/figcaption><\/figure>\n\n\n\n<div style=\"height:44px\" aria-hidden=\"true\" class=\"wp-block-spacer\"><\/div>\n\n\n\n<figure class=\"wp-block-audio\"><audio controls src=\"http:\/\/amimuse.org\/wp-content\/uploads\/2021\/11\/Grieg.mp3\"><\/audio><figcaption>Le mal du pays (Heimweh) d&rsquo;Edvard Grieg, au piano.<\/figcaption><\/figure>\n","protected":false},"excerpt":{"rendered":"<p>Cliquez sur la page choisie : Fl\u00fbte \u2022 Clarinette \u2022 Cor \u2022 Basson 01-Vent de folie \u2022 02-Fibich \u2022 03-Remando \u2022 04-R\u00eaverie05-Quintette de Taffanel \u2022 06-La Comt\u00e907-Concerto pour cor \u2022 08-Le Mal du pays \u2022 09-Le joueur de vielle10-Valse de mariage \u2022 11-GrandfatherEnsemble Les Quatre Vents Le mal du Pays [&hellip;]<\/p>\n","protected":false},"author":1,"featured_media":929,"parent":0,"menu_order":0,"comment_status":"closed","ping_status":"closed","template":"","meta":[],"_links":{"self":[{"href":"http:\/\/amimuse.org\/index.php?rest_route=\/wp\/v2\/pages\/1073"}],"collection":[{"href":"http:\/\/amimuse.org\/index.php?rest_route=\/wp\/v2\/pages"}],"about":[{"href":"http:\/\/amimuse.org\/index.php?rest_route=\/wp\/v2\/types\/page"}],"author":[{"embeddable":true,"href":"http:\/\/amimuse.org\/index.php?rest_route=\/wp\/v2\/users\/1"}],"replies":[{"embeddable":true,"href":"http:\/\/amimuse.org\/index.php?rest_route=%2Fwp%2Fv2%2Fcomments&post=1073"}],"version-history":[{"count":4,"href":"http:\/\/amimuse.org\/index.php?rest_route=\/wp\/v2\/pages\/1073\/revisions"}],"predecessor-version":[{"id":1204,"href":"http:\/\/amimuse.org\/index.php?rest_route=\/wp\/v2\/pages\/1073\/revisions\/1204"}],"wp:featuredmedia":[{"embeddable":true,"href":"http:\/\/amimuse.org\/index.php?rest_route=\/wp\/v2\/media\/929"}],"wp:attachment":[{"href":"http:\/\/amimuse.org\/index.php?rest_route=%2Fwp%2Fv2%2Fmedia&parent=1073"}],"curies":[{"name":"wp","href":"https:\/\/api.w.org\/{rel}","templated":true}]}}

<p class="has-text-align-center">Cliquez sur la page choisie :</p>



<p class="has-text-align-center has-header-gradient-color has-text-color"><strong><a href="http://amimuse.org/?page_id=989">Flûte</a> • <a href="http://amimuse.org/?page_id=993">Clarinette</a> • <a href="http://amimuse.org/?page_id=1013">Cor</a> • <a href="http://amimuse.org/?page_id=1017">Basson</a></strong></p>



<p class="has-text-align-center has-medium-font-size"><a href="http://amimuse.org/?page_id=989"><strong><a href="http://amimuse.org/?page_id=1030">01-Vent de folie</a> • <a href="http://amimuse.org/?page_id=1033">02-Fibich</a> • <a href="http://amimuse.org/?page_id=1041">03-Remando</a> • <a href="http://amimuse.org/?page_id=1045">04-Rêverie</a><br><a href="http://amimuse.org/?page_id=1052">05-Quintette de Taffanel</a> • <a href="http://amimuse.org/?page_id=1058">06-La Comté</a><br><a href="http://amimuse.org/?page_id=1064">07-Concerto pour cor</a> • <a href="http://amimuse.org/?page_id=1073">08-Le Mal du pays</a> • <a href="http://amimuse.org/?page_id=1079">09-Le joueur de vielle</a><br><a href="http://amimuse.org/?page_id=1089">10-Valse de mariage</a> • <a href="http://amimuse.org/?page_id=1106">11-Grandfather</a></strong><br><a href="http://amimuse.org/?page_id=1177">Ensemble Les Quatre Vents</a></a></p>



<div style="height:100px" aria-hidden="true" class="wp-block-spacer"></div>



<p class="has-text-align-center has-accent-color has-text-color" style="font-size:40px"><strong><em>Le mal du Pays (Heimweh)</em>, de Edvard Grieg</strong></p>



<div style="height:52px" aria-hidden="true" class="wp-block-spacer"></div>



<div class="wp-block-media-text alignwide is-stacked-on-mobile" style="grid-template-columns:19% auto"><figure class="wp-block-media-text__media"><img loading="lazy" width="250" height="344" src="http://amimuse.org/wp-content/uploads/2021/11/Grieg_portrait-250.jpg" alt="" class="wp-image-1075" srcset="http://amimuse.org/wp-content/uploads/2021/11/Grieg_portrait-250.jpg 250w, http://amimuse.org/wp-content/uploads/2021/11/Grieg_portrait-250-218x300.jpg 218w" sizes="(max-width: 250px) 100vw, 250px" /></figure><div class="wp-block-media-text__content">
<p>Edvard Grieg (1843-1907), est un compositeur et pianiste norvégien de la période romantique. Sa découverte en 1863 du folklore norvégien et de ses danses paysannes en fera toute sa vie un militant inépuisable d’un art musical national. Grand harmoniste (auquel ne seront pas indifférents Claude Debussy, Maurice Ravel et Olivier Messiaen), maître de la petite forme (pièces pour piano), il composera ses œuvres les plus célèbres dans le domaine orchestral, comme le <em>Concerto pour piano</em> en la mineur, et <em>Peer Gynt</em>, musique de scène composée pour le drame d’Henrik Ibsen.</p>



<p>La pièce <em>Heimweh</em> (<em>Le mal du pays</em>) alterne une partie nostalgique, presque douloureuse, et une partie joyeuse et animée, magnifique illustration de ce que peut être le « mal du pays ».</p>
</div></div>



<div style="height:52px" aria-hidden="true" class="wp-block-spacer"></div>



<figure class="wp-block-video"><video controls src="http://amimuse.org/wp-content/uploads/2021/11/Grieg.mp4"></video><figcaption>La vidéo <strong><em>Grieg.mp4</em></strong> (2’30) vous fait entendre le début de la partition originale pour piano, jouée par Emil Gilels.</figcaption></figure>



<div style="height:44px" aria-hidden="true" class="wp-block-spacer"></div>



<figure class="wp-block-audio"><audio controls src="http://amimuse.org/wp-content/uploads/2021/11/Grieg.mp3"></audio><figcaption>Le mal du pays (Heimweh) d&rsquo;Edvard Grieg, au piano.</figcaption></figure>

<p>Cliquez sur la page choisie : Flûte • Clarinette • Cor • Basson 01-Vent de folie • 02-Fibich • 03-Remando • 04-Rêverie05-Quintette de Taffanel • 06-La Comté07-Concerto pour cor • 08-Le Mal du pays • 09-Le joueur de vielle10-Valse de mariage • 11-GrandfatherEnsemble Les Quatre Vents Le mal du Pays [&hellip;]</p>
