{"id":1079,"date":"2021-11-04T18:20:05","date_gmt":"2021-11-04T17:20:05","guid":{"rendered":"http:\/\/amimuse.org\/?page_id=1079"},"modified":"2021-11-05T14:19:42","modified_gmt":"2021-11-05T13:19:42","slug":"der-leiermann","status":"publish","type":"page","link":"http:\/\/amimuse.org\/?page_id=1079","title":{"rendered":"DER LEIERMANN"},"content":{"rendered":"\n<p class=\"has-text-align-center\">Cliquez sur la page choisie :<\/p>\n\n\n\n<p class=\"has-text-align-center has-header-gradient-color has-text-color\"><strong><a href=\"http:\/\/amimuse.org\/?page_id=989\">Fl\u00fbte<\/a> \u2022 <a href=\"http:\/\/amimuse.org\/?page_id=993\">Clarinette<\/a> \u2022 <a href=\"http:\/\/amimuse.org\/?page_id=1013\">Cor<\/a> \u2022 <a href=\"http:\/\/amimuse.org\/?page_id=1017\">Basson<\/a><\/strong><\/p>\n\n\n\n<p class=\"has-text-align-center has-medium-font-size\"><a href=\"http:\/\/amimuse.org\/?page_id=989\"><strong><a href=\"http:\/\/amimuse.org\/?page_id=1030\">01-Vent de folie<\/a> \u2022 <a href=\"http:\/\/amimuse.org\/?page_id=1033\">02-Fibich<\/a> \u2022 <a href=\"http:\/\/amimuse.org\/?page_id=1041\">03-Remando<\/a> \u2022 <a href=\"http:\/\/amimuse.org\/?page_id=1045\">04-R\u00eaverie<\/a><br><a href=\"http:\/\/amimuse.org\/?page_id=1052\">05-Quintette de Taffanel<\/a> \u2022 <a href=\"http:\/\/amimuse.org\/?page_id=1058\">06-La Comt\u00e9<\/a><br><a href=\"http:\/\/amimuse.org\/?page_id=1064\">07-Concerto pour cor<\/a> \u2022 <a href=\"http:\/\/amimuse.org\/?page_id=1073\">08-Le Mal du pays<\/a> \u2022 <a href=\"http:\/\/amimuse.org\/?page_id=1079\">09-Le joueur de vielle<\/a><br><a href=\"http:\/\/amimuse.org\/?page_id=1089\">10-Valse de mariage<\/a> \u2022 <a href=\"http:\/\/amimuse.org\/?page_id=1106\">11-Grandfather<\/a><\/strong><br><a href=\"http:\/\/amimuse.org\/?page_id=1177\">Ensemble Les Quatre Vents<\/a><\/a><\/p>\n\n\n\n<div style=\"height:100px\" aria-hidden=\"true\" class=\"wp-block-spacer\"><\/div>\n\n\n\n<p class=\"has-text-align-center has-accent-color has-text-color\" style=\"font-size:40px\"><strong><em>Der Leiermann (Le joueur de vielle)<\/em><\/strong><br><strong>de Franz Schubert<\/strong><\/p>\n\n\n\n<div style=\"height:51px\" aria-hidden=\"true\" class=\"wp-block-spacer\"><\/div>\n\n\n\n<div class=\"wp-block-media-text alignwide is-stacked-on-mobile\" style=\"grid-template-columns:18% auto\"><figure class=\"wp-block-media-text__media\"><img loading=\"lazy\" width=\"250\" height=\"336\" src=\"http:\/\/amimuse.org\/wp-content\/uploads\/2021\/11\/Schubert-250.jpg\" alt=\"\" class=\"wp-image-1082\" srcset=\"http:\/\/amimuse.org\/wp-content\/uploads\/2021\/11\/Schubert-250.jpg 250w, http:\/\/amimuse.org\/wp-content\/uploads\/2021\/11\/Schubert-250-223x300.jpg 223w\" sizes=\"(max-width: 250px) 100vw, 250px\" \/><\/figure><div class=\"wp-block-media-text__content\">\n<p>Franz Schubert (1797-1828) est un compositeur autrichien embl\u00e9matique de la musique romantique allemande. Il a \u00e9crit de nombreuses \u0153uvres de musique de chambre, une dizaine de symphonies, ainsi que de la musique chorale et sacr\u00e9e. Bien qu\u2019il soit mort \u00e0 31 ans, Schubert a \u00e9crit plus de mille \u0153uvres. Le <em>Voyage d\u2019hiver<\/em> est un cycle de 24 pi\u00e8ces pour piano et chant compos\u00e9es un an avant sa mort. Musique sobre, int\u00e9rioris\u00e9e, douloureuse, \u00e9voquant le voyage et la solitude. Schubert \u00e9tait alors fatigu\u00e9, d\u00e9courag\u00e9. <em>Der Leiermann (le joueur de vielle)<\/em> est la derni\u00e8re pi\u00e8ce du cycle. Un mis\u00e9rable joueur de vielle est seul, rejet\u00e9 par tous. Le bourdon (note tenue pendant tout le morceau) renforce la monotonie. Une seule m\u00e9lodie souligne la d\u00e9tresse de la situation.<\/p>\n<\/div><\/div>\n\n\n\n<div style=\"height:28px\" aria-hidden=\"true\" class=\"wp-block-spacer\"><\/div>\n\n\n\n<div class=\"wp-block-media-text alignwide is-stacked-on-mobile is-vertically-aligned-top\"><figure class=\"wp-block-media-text__media\"><img loading=\"lazy\" width=\"400\" height=\"289\" src=\"http:\/\/amimuse.org\/wp-content\/uploads\/2021\/11\/Schubert-vielle-a-roue-300.jpg\" alt=\"\" class=\"wp-image-1083\" srcset=\"http:\/\/amimuse.org\/wp-content\/uploads\/2021\/11\/Schubert-vielle-a-roue-300.jpg 400w, http:\/\/amimuse.org\/wp-content\/uploads\/2021\/11\/Schubert-vielle-a-roue-300-300x217.jpg 300w\" sizes=\"(max-width: 400px) 100vw, 400px\" \/><\/figure><div class=\"wp-block-media-text__content\">\n<p>TEXTE DU PO\u00c8ME CHANT\u00c9<br><br>L\u00e0-bas, au del\u00e0 du village,<br>Se tient le joueur de vielle.<br>Avec ces doigts engourdis,<br>Il joue de son mieux.<\/p>\n\n\n\n<p>Pieds-nus sur la glace,<br>Il va et vient,<br>Et son petit plat<br>Reste pour toujours vide.<\/p>\n\n\n\n<p>Personne ne veux l\u2019\u00e9couter,<br>Personne ne le regarde<br>Et les chiens aboient<br>Autour du vieil homme.<\/p>\n\n\n\n<p>Et il laisse les choses se faire.<br>Et pendant qu\u2019elle se font,<br>Il jouera de la&nbsp; vielle<br>Et n\u2019arr\u00eatera jamais.<\/p>\n\n\n\n<p>\u00c9trange vieil homme.<br>Devrais-je t\u2019accompagner ?<br>Vas-tu jouer de la vielle<br>Sur mes chansons ?<\/p>\n<\/div><\/div>\n\n\n\n<div style=\"height:31px\" aria-hidden=\"true\" class=\"wp-block-spacer\"><\/div>\n\n\n\n<figure class=\"wp-block-video\"><video controls src=\"http:\/\/amimuse.org\/wp-content\/uploads\/2021\/11\/Schubert.mp4\"><\/video><figcaption>La vid\u00e9o <strong><em>Schubert.mp4<\/em><\/strong> (1\u201922) vous fait entendre le d\u00e9but de la partition originale pour chant et piano, avec Guillaume de Chassy et No\u00ebmi Waysfeld.<\/figcaption><\/figure>\n\n\n\n<div style=\"height:48px\" aria-hidden=\"true\" class=\"wp-block-spacer\"><\/div>\n\n\n\n<figure class=\"wp-block-audio\"><audio controls src=\"http:\/\/amimuse.org\/wp-content\/uploads\/2021\/11\/Schubert.mp3\"><\/audio><figcaption>Partition originale pour chant et piano, avec Guillaume de Chassy et No\u00ebmi Waysfeld.<\/figcaption><\/figure>\n\n\n\n<div style=\"height:34px\" aria-hidden=\"true\" class=\"wp-block-spacer\"><\/div>\n","protected":false},"excerpt":{"rendered":"<p>Cliquez sur la page choisie : Fl\u00fbte \u2022 Clarinette \u2022 Cor \u2022 Basson 01-Vent de folie \u2022 02-Fibich \u2022 03-Remando \u2022 04-R\u00eaverie05-Quintette de Taffanel \u2022 06-La Comt\u00e907-Concerto pour cor \u2022 08-Le Mal du pays \u2022 09-Le joueur de vielle10-Valse de mariage \u2022 11-GrandfatherEnsemble Les Quatre Vents Der Leiermann (Le joueur [&hellip;]<\/p>\n","protected":false},"author":1,"featured_media":929,"parent":0,"menu_order":0,"comment_status":"closed","ping_status":"closed","template":"","meta":[],"_links":{"self":[{"href":"http:\/\/amimuse.org\/index.php?rest_route=\/wp\/v2\/pages\/1079"}],"collection":[{"href":"http:\/\/amimuse.org\/index.php?rest_route=\/wp\/v2\/pages"}],"about":[{"href":"http:\/\/amimuse.org\/index.php?rest_route=\/wp\/v2\/types\/page"}],"author":[{"embeddable":true,"href":"http:\/\/amimuse.org\/index.php?rest_route=\/wp\/v2\/users\/1"}],"replies":[{"embeddable":true,"href":"http:\/\/amimuse.org\/index.php?rest_route=%2Fwp%2Fv2%2Fcomments&post=1079"}],"version-history":[{"count":9,"href":"http:\/\/amimuse.org\/index.php?rest_route=\/wp\/v2\/pages\/1079\/revisions"}],"predecessor-version":[{"id":1205,"href":"http:\/\/amimuse.org\/index.php?rest_route=\/wp\/v2\/pages\/1079\/revisions\/1205"}],"wp:featuredmedia":[{"embeddable":true,"href":"http:\/\/amimuse.org\/index.php?rest_route=\/wp\/v2\/media\/929"}],"wp:attachment":[{"href":"http:\/\/amimuse.org\/index.php?rest_route=%2Fwp%2Fv2%2Fmedia&parent=1079"}],"curies":[{"name":"wp","href":"https:\/\/api.w.org\/{rel}","templated":true}]}}