{"id":370,"date":"2019-08-30T15:09:58","date_gmt":"2019-08-30T13:09:58","guid":{"rendered":"http:\/\/amimuse.org\/?page_id=370"},"modified":"2019-11-20T10:08:54","modified_gmt":"2019-11-20T09:08:54","slug":"concert-a-lecole","status":"publish","type":"page","link":"http:\/\/amimuse.org\/?page_id=370","title":{"rendered":"Concert \u00e0 l&rsquo;\u00e9cole"},"content":{"rendered":"\n<p style=\"text-align:center\">Concert \u00e0 l&rsquo;\u00e9cole<br> Du classique au contemporain et \u00e0 la pop<br>Vendredi 24 janvier 2020 \u00e0 14 h<\/p>\n\n\n\n<p>Premier d&rsquo;une s\u00e9rie de plusieurs concerts propos\u00e9s aux enfants des \u00e9coles dans leur \u00e9cole. Des musiciens professionnels et grands amateurs, des ensembles constitu\u00e9s, viendront jouer pour les enfants un programme \u00e9clectique et de qualit\u00e9 (musique classique ou contemporaine) tout en leur donnant des cl\u00e9s pour l&rsquo;\u00e9coute : rep\u00e8res historiques, g\u00e9ographiques, culturels ou \u00e9motionnels. Ces concerts enti\u00e8rement gratuits permettront aux scolaires de d\u00e9couvrir ce qu&rsquo;est un concert \u00ab\u00a0classique\u00a0\u00bb, ses styles, ses rituels, et d&rsquo;aborder un r\u00e9pertoire que peu d&rsquo;entre eux ont entendu.<\/p>\n\n\n\n<div class=\"wp-block-image\"><figure class=\"aligncenter\"><img loading=\"lazy\" width=\"700\" height=\"420\" src=\"http:\/\/amimuse.org\/wp-content\/uploads\/2019\/08\/Concert-profs-Kaniri-Ty-skol-fev18-90-BD.jpg\" alt=\"\" class=\"wp-image-316\" srcset=\"http:\/\/amimuse.org\/wp-content\/uploads\/2019\/08\/Concert-profs-Kaniri-Ty-skol-fev18-90-BD.jpg 700w, http:\/\/amimuse.org\/wp-content\/uploads\/2019\/08\/Concert-profs-Kaniri-Ty-skol-fev18-90-BD-300x180.jpg 300w\" sizes=\"(max-width: 700px) 100vw, 700px\" \/><\/figure><\/div>\n\n\n\n<p style=\"text-align:center\">Tarifs : enti\u00e8rement gratuit<br> Organisation : Les Amis de la Musique www.amimuse.org (licence 3-1123217).<br> Contact : contact@amimuse.fr &#8211; 06 08 15 22 09<\/p>\n","protected":false},"excerpt":{"rendered":"<p>Concert \u00e0 l&rsquo;\u00e9cole Du classique au contemporain et \u00e0 la popVendredi 24 janvier 2020 \u00e0 14 h Premier d&rsquo;une s\u00e9rie de plusieurs concerts propos\u00e9s aux enfants des \u00e9coles dans leur \u00e9cole. Des musiciens professionnels et grands amateurs, des ensembles constitu\u00e9s, viendront jouer pour les enfants un programme \u00e9clectique et de [&hellip;]<\/p>\n","protected":false},"author":1,"featured_media":371,"parent":0,"menu_order":0,"comment_status":"closed","ping_status":"closed","template":"","meta":[],"_links":{"self":[{"href":"http:\/\/amimuse.org\/index.php?rest_route=\/wp\/v2\/pages\/370"}],"collection":[{"href":"http:\/\/amimuse.org\/index.php?rest_route=\/wp\/v2\/pages"}],"about":[{"href":"http:\/\/amimuse.org\/index.php?rest_route=\/wp\/v2\/types\/page"}],"author":[{"embeddable":true,"href":"http:\/\/amimuse.org\/index.php?rest_route=\/wp\/v2\/users\/1"}],"replies":[{"embeddable":true,"href":"http:\/\/amimuse.org\/index.php?rest_route=%2Fwp%2Fv2%2Fcomments&post=370"}],"version-history":[{"count":2,"href":"http:\/\/amimuse.org\/index.php?rest_route=\/wp\/v2\/pages\/370\/revisions"}],"predecessor-version":[{"id":573,"href":"http:\/\/amimuse.org\/index.php?rest_route=\/wp\/v2\/pages\/370\/revisions\/573"}],"wp:featuredmedia":[{"embeddable":true,"href":"http:\/\/amimuse.org\/index.php?rest_route=\/wp\/v2\/media\/371"}],"wp:attachment":[{"href":"http:\/\/amimuse.org\/index.php?rest_route=%2Fwp%2Fv2%2Fmedia&parent=370"}],"curies":[{"name":"wp","href":"https:\/\/api.w.org\/{rel}","templated":true}]}}