{"id":1211,"date":"2021-11-05T14:29:11","date_gmt":"2021-11-05T13:29:11","guid":{"rendered":"http:\/\/amimuse.org\/?page_id=1211"},"modified":"2021-11-08T09:13:51","modified_gmt":"2021-11-08T08:13:51","slug":"ecoles","status":"publish","type":"page","link":"https:\/\/amimuse.org\/?page_id=1211","title":{"rendered":"ECOLES"},"content":{"rendered":"\n<p class=\"has-text-align-center has-medium-font-size\"><strong>Concert scolaire<\/strong> <strong>par l\u2019ensemble Les Quatre Vents<\/strong> <strong>\u00e0<\/strong> <strong>L\u2019Am\u00e9thyste<\/strong><br>Mardi 30 novembre \u00e0 10 h et 14 h 30<\/p>\n\n\n\n<p class=\"has-text-align-center\"><strong>Dossier de pr\u00e9sentation<\/strong> <strong>\u00e0 l\u2019usage des enseignants<\/strong><\/p>\n\n\n\n<p class=\"has-text-align-center\">Pour acc\u00e9der \u00e0 l&rsquo;ensemble des documents propos\u00e9s,<br>cliquez sur le sujet choisi<br>(vous pourrez visualiser les vid\u00e9os en plein \u00e9cran).<\/p>\n\n\n\n<div style=\"height:65px\" aria-hidden=\"true\" class=\"wp-block-spacer\"><\/div>\n\n\n\n<p class=\"has-text-align-center\">Cliquez sur la page choisie :<\/p>\n\n\n\n<p class=\"has-text-align-center\"><strong><a href=\"http:\/\/amimuse.org\/?page_id=989\">Fl\u00fbte<\/a> \u2022 <a href=\"http:\/\/amimuse.org\/?page_id=993\">Clarinette<\/a> \u2022 <a href=\"http:\/\/amimuse.org\/?page_id=1013\">Cor<\/a> \u2022 <a href=\"http:\/\/amimuse.org\/?page_id=1017\">Basson<\/a><\/strong><\/p>\n\n\n\n<p class=\"has-text-align-center\"><strong><a href=\"http:\/\/amimuse.org\/?page_id=1030\">01-Vent de folie<\/a> \u2022 <a href=\"http:\/\/amimuse.org\/?page_id=1033\">02-Fibich<\/a> \u2022 <a href=\"http:\/\/amimuse.org\/?page_id=1041\">03-Remando<\/a> \u2022 <a href=\"http:\/\/amimuse.org\/?page_id=1045\">04-R\u00eaverie<\/a><br><a href=\"http:\/\/amimuse.org\/?page_id=1052\">05-Quintette de Taffanel<\/a> \u2022 <a href=\"http:\/\/amimuse.org\/?page_id=1058\">06-La Comt\u00e9<\/a><br><a href=\"http:\/\/amimuse.org\/?page_id=1064\">07-Concerto pour cor<\/a> \u2022 <a href=\"http:\/\/amimuse.org\/?page_id=1073\">08-Le Mal du pays<\/a> \u2022 <a href=\"http:\/\/amimuse.org\/?page_id=1079\">09-Le joueur de vielle<\/a><br><a href=\"http:\/\/amimuse.org\/?page_id=1089\">10-Valse de mariage<\/a> \u2022 <a href=\"http:\/\/amimuse.org\/?page_id=1106\">11-Grandfather<\/a><\/strong><br><a href=\"http:\/\/amimuse.org\/?page_id=1177\">Ensemble Les Quatre Vents<\/a><\/p>\n","protected":false},"excerpt":{"rendered":"<p>Concert scolaire par l\u2019ensemble Les Quatre Vents \u00e0 L\u2019Am\u00e9thysteMardi 30 novembre \u00e0 10 h et 14 h 30 Dossier de pr\u00e9sentation \u00e0 l\u2019usage des enseignants Pour acc\u00e9der \u00e0 l&rsquo;ensemble des documents propos\u00e9s,cliquez sur le sujet choisi(vous pourrez visualiser les vid\u00e9os en plein \u00e9cran). Cliquez sur la page choisie : Fl\u00fbte [&hellip;]<\/p>\n","protected":false},"author":1,"featured_media":929,"parent":0,"menu_order":0,"comment_status":"closed","ping_status":"closed","template":"","meta":[],"_links":{"self":[{"href":"https:\/\/amimuse.org\/index.php?rest_route=\/wp\/v2\/pages\/1211"}],"collection":[{"href":"https:\/\/amimuse.org\/index.php?rest_route=\/wp\/v2\/pages"}],"about":[{"href":"https:\/\/amimuse.org\/index.php?rest_route=\/wp\/v2\/types\/page"}],"author":[{"embeddable":true,"href":"https:\/\/amimuse.org\/index.php?rest_route=\/wp\/v2\/users\/1"}],"replies":[{"embeddable":true,"href":"https:\/\/amimuse.org\/index.php?rest_route=%2Fwp%2Fv2%2Fcomments&post=1211"}],"version-history":[{"count":6,"href":"https:\/\/amimuse.org\/index.php?rest_route=\/wp\/v2\/pages\/1211\/revisions"}],"predecessor-version":[{"id":1219,"href":"https:\/\/amimuse.org\/index.php?rest_route=\/wp\/v2\/pages\/1211\/revisions\/1219"}],"wp:featuredmedia":[{"embeddable":true,"href":"https:\/\/amimuse.org\/index.php?rest_route=\/wp\/v2\/media\/929"}],"wp:attachment":[{"href":"https:\/\/amimuse.org\/index.php?rest_route=%2Fwp%2Fv2%2Fmedia&parent=1211"}],"curies":[{"name":"wp","href":"https:\/\/api.w.org\/{rel}","templated":true}]}}

<p class="has-text-align-center has-medium-font-size"><strong>Concert scolaire</strong> <strong>par l’ensemble Les Quatre Vents</strong> <strong>à</strong> <strong>L’Améthyste</strong><br>Mardi 30 novembre à 10 h et 14 h 30</p>



<p class="has-text-align-center"><strong>Dossier de présentation</strong> <strong>à l’usage des enseignants</strong></p>



<p class="has-text-align-center">Pour accéder à l&rsquo;ensemble des documents proposés,<br>cliquez sur le sujet choisi<br>(vous pourrez visualiser les vidéos en plein écran).</p>



<div style="height:65px" aria-hidden="true" class="wp-block-spacer"></div>



<p class="has-text-align-center">Cliquez sur la page choisie :</p>



<p class="has-text-align-center"><strong><a href="http://amimuse.org/?page_id=989">Flûte</a> • <a href="http://amimuse.org/?page_id=993">Clarinette</a> • <a href="http://amimuse.org/?page_id=1013">Cor</a> • <a href="http://amimuse.org/?page_id=1017">Basson</a></strong></p>



<p class="has-text-align-center"><strong><a href="http://amimuse.org/?page_id=1030">01-Vent de folie</a> • <a href="http://amimuse.org/?page_id=1033">02-Fibich</a> • <a href="http://amimuse.org/?page_id=1041">03-Remando</a> • <a href="http://amimuse.org/?page_id=1045">04-Rêverie</a><br><a href="http://amimuse.org/?page_id=1052">05-Quintette de Taffanel</a> • <a href="http://amimuse.org/?page_id=1058">06-La Comté</a><br><a href="http://amimuse.org/?page_id=1064">07-Concerto pour cor</a> • <a href="http://amimuse.org/?page_id=1073">08-Le Mal du pays</a> • <a href="http://amimuse.org/?page_id=1079">09-Le joueur de vielle</a><br><a href="http://amimuse.org/?page_id=1089">10-Valse de mariage</a> • <a href="http://amimuse.org/?page_id=1106">11-Grandfather</a></strong><br><a href="http://amimuse.org/?page_id=1177">Ensemble Les Quatre Vents</a></p>

<p>Concert scolaire par l’ensemble Les Quatre Vents à L’AméthysteMardi 30 novembre à 10 h et 14 h 30 Dossier de présentation à l’usage des enseignants Pour accéder à l&rsquo;ensemble des documents proposés,cliquez sur le sujet choisi(vous pourrez visualiser les vidéos en plein écran). Cliquez sur la page choisie : Flûte [&hellip;]</p>
