{"id":1228,"date":"2022-01-12T10:32:04","date_gmt":"2022-01-12T09:32:04","guid":{"rendered":"http:\/\/amimuse.org\/?page_id=1228"},"modified":"2022-01-26T10:23:50","modified_gmt":"2022-01-26T09:23:50","slug":"heureusement","status":"publish","type":"page","link":"https:\/\/amimuse.org\/?page_id=1228","title":{"rendered":"HEUREUSEMENT"},"content":{"rendered":"\n<p class=\"has-text-align-center\"><strong>Chansons pour les laiss\u00e9s pour compte, les sans voix, les invisibles<\/strong><br><strong>Trio voix, piano, violoncelle<\/strong><\/p>\n\n\n\n<p class=\"has-text-align-center has-navbar-text-color-hover-color has-text-color has-huge-font-size\">CONCERT ANNUL\u00c9<\/p>\n\n\n\n<p class=\"has-text-align-center has-navbar-text-color-hover-color has-text-color\"><strong>Pour des raisons ind\u00e9pendantes de notre volont\u00e9 et li\u00e9es \u00e0 la pand\u00e9mie, <\/strong><br><strong>nous devons reporter ce concert. <\/strong><br><strong>Nous en sommes profond\u00e9ment d\u00e9sol\u00e9s <\/strong><br><strong>et nous vous pr\u00e9viendrons le plus t\u00f4t possible de la date de son report.<\/strong><\/p>\n\n\n\n<div class=\"wp-block-image\"><figure class=\"aligncenter size-large\"><img loading=\"lazy\" width=\"500\" height=\"346\" src=\"http:\/\/amimuse.org\/wp-content\/uploads\/2022\/01\/Je-peins-11-\u00a9Yann-Rivalain-500.jpg\" alt=\"\" class=\"wp-image-1229\" srcset=\"https:\/\/amimuse.org\/wp-content\/uploads\/2022\/01\/Je-peins-11-\u00a9Yann-Rivalain-500.jpg 500w, https:\/\/amimuse.org\/wp-content\/uploads\/2022\/01\/Je-peins-11-\u00a9Yann-Rivalain-500-300x208.jpg 300w\" sizes=\"(max-width: 500px) 100vw, 500px\" \/><\/figure><\/div>\n\n\n\n<p>Les chansons de Lo\u00efc Toularastel, admirablement mises en musiques par Herv\u00e9 Lesvenan sont de v\u00e9ritables clins d\u2019\u0153il \u00e0 l\u2019actualit\u00e9, \u00e0 nos questionnements d\u2019aujourd\u2019hui, \u00e0 nos doutes. Elles interrogent le vivant avec humour et po\u00e9sie. La rencontre avec la violoncelliste Anne Roturier (professeur \u00e0 l\u2019\u00e9cole de musique Kaniri ar Mor) enrichit le tout par son talent, sa sensibilit\u00e9 et le son de son merveilleux violoncelle. Ce beau trio vous propose un angle de vue po\u00e9tique, humoristique et caustique sur les laiss\u00e9s pour compte, les sans voix, les invisibles.&nbsp;<\/p>\n\n\n\n<p class=\"has-text-align-center\">Lo\u00efc Toularastel, chant<br>Herv\u00e9 Lesvenan, piano<br>Anne Roturier, violoncelle<\/p>\n\n\n\n<p class=\"has-text-align-center\">Tarifs : 8 \u20ac &#8211; 5 \u20ac &#8211; Gratuit pour les moins de 16 ans et les \u00e9l\u00e8ves de l&rsquo;\u00e9cole de musique.<br>R\u00e9servation une semaine avant le concert : Librairie Le Parchemin, Crozon.<br>Photos : Yann Rivalain.<\/p>\n","protected":false},"excerpt":{"rendered":"<p>Chansons pour les laiss\u00e9s pour compte, les sans voix, les invisiblesTrio voix, piano, violoncelle CONCERT ANNUL\u00c9 Pour des raisons ind\u00e9pendantes de notre volont\u00e9 et li\u00e9es \u00e0 la pand\u00e9mie, nous devons reporter ce concert. Nous en sommes profond\u00e9ment d\u00e9sol\u00e9s et nous vous pr\u00e9viendrons le plus t\u00f4t possible de la date de [&hellip;]<\/p>\n","protected":false},"author":1,"featured_media":1235,"parent":0,"menu_order":0,"comment_status":"closed","ping_status":"closed","template":"","meta":[],"_links":{"self":[{"href":"https:\/\/amimuse.org\/index.php?rest_route=\/wp\/v2\/pages\/1228"}],"collection":[{"href":"https:\/\/amimuse.org\/index.php?rest_route=\/wp\/v2\/pages"}],"about":[{"href":"https:\/\/amimuse.org\/index.php?rest_route=\/wp\/v2\/types\/page"}],"author":[{"embeddable":true,"href":"https:\/\/amimuse.org\/index.php?rest_route=\/wp\/v2\/users\/1"}],"replies":[{"embeddable":true,"href":"https:\/\/amimuse.org\/index.php?rest_route=%2Fwp%2Fv2%2Fcomments&post=1228"}],"version-history":[{"count":5,"href":"https:\/\/amimuse.org\/index.php?rest_route=\/wp\/v2\/pages\/1228\/revisions"}],"predecessor-version":[{"id":1269,"href":"https:\/\/amimuse.org\/index.php?rest_route=\/wp\/v2\/pages\/1228\/revisions\/1269"}],"wp:featuredmedia":[{"embeddable":true,"href":"https:\/\/amimuse.org\/index.php?rest_route=\/wp\/v2\/media\/1235"}],"wp:attachment":[{"href":"https:\/\/amimuse.org\/index.php?rest_route=%2Fwp%2Fv2%2Fmedia&parent=1228"}],"curies":[{"name":"wp","href":"https:\/\/api.w.org\/{rel}","templated":true}]}}

<p class="has-text-align-center"><strong>Chansons pour les laissés pour compte, les sans voix, les invisibles</strong><br><strong>Trio voix, piano, violoncelle</strong></p>



<p class="has-text-align-center has-navbar-text-color-hover-color has-text-color has-huge-font-size">CONCERT ANNULÉ</p>



<p class="has-text-align-center has-navbar-text-color-hover-color has-text-color"><strong>Pour des raisons indépendantes de notre volonté et liées à la pandémie, </strong><br><strong>nous devons reporter ce concert. </strong><br><strong>Nous en sommes profondément désolés </strong><br><strong>et nous vous préviendrons le plus tôt possible de la date de son report.</strong></p>



<div class="wp-block-image"><figure class="aligncenter size-large"><img loading="lazy" width="500" height="346" src="http://amimuse.org/wp-content/uploads/2022/01/Je-peins-11-©Yann-Rivalain-500.jpg" alt="" class="wp-image-1229" srcset="https://amimuse.org/wp-content/uploads/2022/01/Je-peins-11-©Yann-Rivalain-500.jpg 500w, https://amimuse.org/wp-content/uploads/2022/01/Je-peins-11-©Yann-Rivalain-500-300x208.jpg 300w" sizes="(max-width: 500px) 100vw, 500px" /></figure></div>



<p>Les chansons de Loïc Toularastel, admirablement mises en musiques par Hervé Lesvenan sont de véritables clins d’œil à l’actualité, à nos questionnements d’aujourd’hui, à nos doutes. Elles interrogent le vivant avec humour et poésie. La rencontre avec la violoncelliste Anne Roturier (professeur à l’école de musique Kaniri ar Mor) enrichit le tout par son talent, sa sensibilité et le son de son merveilleux violoncelle. Ce beau trio vous propose un angle de vue poétique, humoristique et caustique sur les laissés pour compte, les sans voix, les invisibles.&nbsp;</p>



<p class="has-text-align-center">Loïc Toularastel, chant<br>Hervé Lesvenan, piano<br>Anne Roturier, violoncelle</p>



<p class="has-text-align-center">Tarifs : 8 € &#8211; 5 € &#8211; Gratuit pour les moins de 16 ans et les élèves de l&rsquo;école de musique.<br>Réservation une semaine avant le concert : Librairie Le Parchemin, Crozon.<br>Photos : Yann Rivalain.</p>

<p>Chansons pour les laissés pour compte, les sans voix, les invisiblesTrio voix, piano, violoncelle CONCERT ANNULÉ Pour des raisons indépendantes de notre volonté et liées à la pandémie, nous devons reporter ce concert. Nous en sommes profondément désolés et nous vous préviendrons le plus tôt possible de la date de [&hellip;]</p>
