{"id":1257,"date":"2022-01-12T11:33:19","date_gmt":"2022-01-12T10:33:19","guid":{"rendered":"http:\/\/amimuse.org\/?page_id=1257"},"modified":"2022-06-23T22:33:14","modified_gmt":"2022-06-23T20:33:14","slug":"diverssimento-2","status":"publish","type":"page","link":"https:\/\/amimuse.org\/?page_id=1257","title":{"rendered":"DIVERSSIMENTO"},"content":{"rendered":"\n<p class=\"has-text-align-center\"><strong>VENDREDI 1er juillet 2022<\/strong><br><strong>20 h 30 &#8211; Chapelle ND de Rocamadour, Camaret<\/strong><\/p>\n\n\n\n<p class=\"has-text-align-center has-medium-font-size\"><strong>Compositions et arrangements <\/strong><br><strong>de la classe d\u2019\u00e9criture du Conservatoire de Brest<\/strong><\/p>\n\n\n\n<div class=\"wp-block-image\"><figure class=\"aligncenter size-large\"><img loading=\"lazy\" width=\"800\" height=\"360\" src=\"http:\/\/amimuse.org\/wp-content\/uploads\/2022\/01\/Diverssimento-Camaret-juin19-54-800.jpg\" alt=\"\" class=\"wp-image-1262\" srcset=\"https:\/\/amimuse.org\/wp-content\/uploads\/2022\/01\/Diverssimento-Camaret-juin19-54-800.jpg 800w, https:\/\/amimuse.org\/wp-content\/uploads\/2022\/01\/Diverssimento-Camaret-juin19-54-800-300x135.jpg 300w, https:\/\/amimuse.org\/wp-content\/uploads\/2022\/01\/Diverssimento-Camaret-juin19-54-800-768x346.jpg 768w\" sizes=\"(max-width: 800px) 100vw, 800px\" \/><\/figure><\/div>\n\n\n\n<p>Un kal\u00e9idoscope de musiques de tous les styles avec des formations tr\u00e8s vari\u00e9es, piano, clarinette, violoncelle, chant, duos, trios, quatuors, quintettes\u2026 Des musiques intimistes, tonitruantes, sensibles, joyeuses et optimistes. Des compositions originales \u00e9crites par des compositeurs brestois. Un concert pour tous les go\u00fbts, passionnant et sensible.<\/p>\n\n\n\n<p>\u0152uvres de Hector Villa-Lobos, Corelli, C\u00e9sar Franck, Helen Mc-Combie, Fran\u00e7ois Dupont, Colin Descourt, Olivier Briand, Ruth Matarasso, Maria Krioutchenko, Kenan Trevien et Horace Silver, Patrick L&rsquo;Helgouac&rsquo;h, Jean-Fran\u00e7ois Peray,  Georges Boulestreau.<\/p>\n\n\n\n<p>Fl\u00fbte, deux clarinettes, cor, guitare, deux violoncelles &amp; musique acousmatique.<\/p>\n\n\n\n<p class=\"has-text-align-center\">Tarifs : participation libre.<\/p>\n","protected":false},"excerpt":{"rendered":"<p>VENDREDI 1er juillet 202220 h 30 &#8211; Chapelle ND de Rocamadour, Camaret Compositions et arrangements de la classe d\u2019\u00e9criture du Conservatoire de Brest Un kal\u00e9idoscope de musiques de tous les styles avec des formations tr\u00e8s vari\u00e9es, piano, clarinette, violoncelle, chant, duos, trios, quatuors, quintettes\u2026 Des musiques intimistes, tonitruantes, sensibles, joyeuses [&hellip;]<\/p>\n","protected":false},"author":1,"featured_media":1258,"parent":0,"menu_order":0,"comment_status":"closed","ping_status":"closed","template":"","meta":[],"_links":{"self":[{"href":"https:\/\/amimuse.org\/index.php?rest_route=\/wp\/v2\/pages\/1257"}],"collection":[{"href":"https:\/\/amimuse.org\/index.php?rest_route=\/wp\/v2\/pages"}],"about":[{"href":"https:\/\/amimuse.org\/index.php?rest_route=\/wp\/v2\/types\/page"}],"author":[{"embeddable":true,"href":"https:\/\/amimuse.org\/index.php?rest_route=\/wp\/v2\/users\/1"}],"replies":[{"embeddable":true,"href":"https:\/\/amimuse.org\/index.php?rest_route=%2Fwp%2Fv2%2Fcomments&post=1257"}],"version-history":[{"count":5,"href":"https:\/\/amimuse.org\/index.php?rest_route=\/wp\/v2\/pages\/1257\/revisions"}],"predecessor-version":[{"id":1291,"href":"https:\/\/amimuse.org\/index.php?rest_route=\/wp\/v2\/pages\/1257\/revisions\/1291"}],"wp:featuredmedia":[{"embeddable":true,"href":"https:\/\/amimuse.org\/index.php?rest_route=\/wp\/v2\/media\/1258"}],"wp:attachment":[{"href":"https:\/\/amimuse.org\/index.php?rest_route=%2Fwp%2Fv2%2Fmedia&parent=1257"}],"curies":[{"name":"wp","href":"https:\/\/api.w.org\/{rel}","templated":true}]}}