{"id":423,"date":"2019-08-30T16:34:14","date_gmt":"2019-08-30T14:34:14","guid":{"rendered":"http:\/\/amimuse.org\/?page_id=423"},"modified":"2021-06-21T19:08:04","modified_gmt":"2021-06-21T17:08:04","slug":"qui-sommes-nous","status":"publish","type":"page","link":"https:\/\/amimuse.org\/?page_id=423","title":{"rendered":"Qui sommes-nous ?"},"content":{"rendered":"\n<p><strong>OBJECTIFS<br><\/strong>L&rsquo;association veut proposer, hors saison estivale, une programmation et une animation musicale (classique, jazz, musiques traditionnelles de Bretagne et du Monde) en Presqu\u2019\u00eele de Crozon :<br> \u2013 en direction du plus grand nombre, notamment des enfants (gratuit\u00e9 \u00e9coles primaires et coll\u00e8ges) et des personnes \u00e2g\u00e9es,<br> \u2013 \u00e0 des tarifs bas (5 \u00e0 10 \u20ac, tr\u00e8s nombreuses places gratuites, tarifs r\u00e9duits pour certains parents),<br> \u2013 de fa\u00e7on \u00e0 combler un manque \u00e9vident pendant les mois \u00abd\u2019hiver\u00bb de septembre \u00e0 mai.<\/p>\n\n\n\n<p><strong>ACTIONS<br><\/strong>L&rsquo;association programme 7 \u00e0 9 concerts (1 par mois environ), si possible \u00e0 l&rsquo;Am\u00e9thyste et en 2 lieux accessoires (salle <em>Ty Skol<\/em> et \u00e9glise \u00e0 Crozon).<br>Elle propose aussi des animations et des sensibilisations :<br> \u2013 travail en amont avec des classes \u00e9l\u00e9mentaires ou coll\u00e8ges,<br> \u2013 animations scolaires (rencontres, mini-concerts),<br> \u2013 master classes \u00e0 l\u2019\u00e9cole de musique, participation des \u00e9l\u00e8ves en premi\u00e8re partie des concerts.<br> \u2013  concerts \u00e0 l\u2019\u00e9cole : dans le cadre scolaire, concert par des professeurs de l\u2019\u00e9cole de musique ou des musiciens de l\u2019Orchestre Universitaire de Brest et du Conservatoire : 2 concerts dans l\u2019ann\u00e9e.<br> \u2013 r\u00e9sidence-cr\u00e9ation quand l\u2019opportunit\u00e9 se pr\u00e9sente et le budget possible.<\/p>\n\n\n\n<p><strong>PUBLICS<\/strong><br>\u2013 Tous les amateurs de spectacles musicaux r\u00e9sidant principalement en Presqu&rsquo;\u00eele, <br>\u2013 les enfants par le biais des \u00e9coles (concerts le dimanche apr\u00e8s-midi ou concerts \u00e0 l\u2019\u00e9cole),<br>\u2013 les personnes \u00e2g\u00e9es (concerts le dimanche apr\u00e8s-midi, tarifs r\u00e9duits),<br>\u2013 les \u00e9l\u00e8ves de l\u2019\u00e9cole intercommunale de musique (gratuit\u00e9, master classes),<br>\u2013 les publics non \u00absp\u00e9cialistes\u00bb qui fr\u00e9quentent peu le Quartz ou autres salles de spectacle (collaboration avec l\u2019Ulamir Centre Social pour la promotion des spectacles et la vente des places).<br><\/p>\n\n\n\n<p><strong>B\u00c9N\u00c9FICIAIRES<br><\/strong>Environ 1000 spectateurs par an (entr\u00e9es aux concerts), gratuit\u00e9 des \u00e9l\u00e8ves de l\u2019\u00e9cole intercommunale de musiques, des classes des \u00e9coles primaires ou maternelles, des coll\u00e8ges de toute la Presqu\u2019\u00eele.<\/p>\n\n\n\n<p><strong>LIEUX<\/strong><br>\u2013 salle Ty Skol \u00e0 Saint-Hernot (100 places),\u00a0<br>\u2013 \u00e9glise Saint-Pierre de Crozon (650 places).<br>\u2013 Et tr\u00e8s bient\u00f4t la salle de spectacles \u00ab\u00a0Am\u00e9thyste\u00a0\u00bb.<\/p>\n\n\n\n<p><strong>AUTRES INFOS<\/strong><br>\u2013 L\u2019association est aid\u00e9e par la municipalit\u00e9 de Crozon (aide plafonn\u00e9e \u00e0 4 concerts par an sur d\u2019\u00e9ventuels d\u00e9ficits,\u00a0 remboursement de quelques places gratuites, affichage \u00abDecaux\u00bb et plaquette d\u2019information) et par le Conseil d\u00e9partemental.<br>\u2013  L\u2019association a milit\u00e9 pour la construction en Presqu\u2019\u00eele d\u2019une salle \u00abmodeste\u00bb mais \u00e9quip\u00e9e (300 places) qui accueillira spectacles, r\u00e9sidences, r\u00e9p\u00e9titions. Elle a particip\u00e9 tr\u00e8s activement aux quelques r\u00e9unions concernant ce projet et a demand\u00e9 \u00e0 mettre en place des \u00e9changes plus nombreux entre d\u00e9cideurs, constructeurs et futurs usagers.<br>\u2013 L\u2019association a une licence d\u2019entrepreneur du spectacle (3-1123217).<br>\u2013 Les projets 2020-2021 mettent en \u0153uvre une collaboration entre l\u2019\u00e9cole de musique <em>Kaniri ar Mor<\/em>, l\u2019orchestre universitaire de Brest et le Conservatoire r\u00e9gional de Brest (musiciens de la classe de composition).<\/p>\n\n\n\n<p class=\"has-text-align-center has-accent-color has-white-background-color has-text-color has-background\">Association <strong>Les Amis de la Musique<br><\/strong>35 rue Pors Aor<br>29160 Crozon<br>06 08 15 22 09<br>contact AROBASE amimuse.fr<br>Association loi 1901<\/p>\n\n\n\n<p class=\"has-text-align-center has-accent-color has-text-color\">Pr\u00e9sident : Georges Boulestreau<\/p>\n","protected":false},"excerpt":{"rendered":"<p>OBJECTIFSL&rsquo;association veut proposer, hors saison estivale, une programmation et une animation musicale (classique, jazz, musiques traditionnelles de Bretagne et du Monde) en Presqu\u2019\u00eele de Crozon : \u2013 en direction du plus grand nombre, notamment des enfants (gratuit\u00e9 \u00e9coles primaires et coll\u00e8ges) et des personnes \u00e2g\u00e9es, \u2013 \u00e0 des tarifs bas [&hellip;]<\/p>\n","protected":false},"author":1,"featured_media":424,"parent":0,"menu_order":0,"comment_status":"closed","ping_status":"closed","template":"","meta":[],"_links":{"self":[{"href":"https:\/\/amimuse.org\/index.php?rest_route=\/wp\/v2\/pages\/423"}],"collection":[{"href":"https:\/\/amimuse.org\/index.php?rest_route=\/wp\/v2\/pages"}],"about":[{"href":"https:\/\/amimuse.org\/index.php?rest_route=\/wp\/v2\/types\/page"}],"author":[{"embeddable":true,"href":"https:\/\/amimuse.org\/index.php?rest_route=\/wp\/v2\/users\/1"}],"replies":[{"embeddable":true,"href":"https:\/\/amimuse.org\/index.php?rest_route=%2Fwp%2Fv2%2Fcomments&post=423"}],"version-history":[{"count":4,"href":"https:\/\/amimuse.org\/index.php?rest_route=\/wp\/v2\/pages\/423\/revisions"}],"predecessor-version":[{"id":873,"href":"https:\/\/amimuse.org\/index.php?rest_route=\/wp\/v2\/pages\/423\/revisions\/873"}],"wp:featuredmedia":[{"embeddable":true,"href":"https:\/\/amimuse.org\/index.php?rest_route=\/wp\/v2\/media\/424"}],"wp:attachment":[{"href":"https:\/\/amimuse.org\/index.php?rest_route=%2Fwp%2Fv2%2Fmedia&parent=423"}],"curies":[{"name":"wp","href":"https:\/\/api.w.org\/{rel}","templated":true}]}}

<p><strong>OBJECTIFS<br></strong>L&rsquo;association veut proposer, hors saison estivale, une programmation et une animation musicale (classique, jazz, musiques traditionnelles de Bretagne et du Monde) en Presqu’île de Crozon :<br> – en direction du plus grand nombre, notamment des enfants (gratuité écoles primaires et collèges) et des personnes âgées,<br> – à des tarifs bas (5 à 10 €, très nombreuses places gratuites, tarifs réduits pour certains parents),<br> – de façon à combler un manque évident pendant les mois «d’hiver» de septembre à mai.</p>



<p><strong>ACTIONS<br></strong>L&rsquo;association programme 7 à 9 concerts (1 par mois environ), si possible à l&rsquo;Améthyste et en 2 lieux accessoires (salle <em>Ty Skol</em> et église à Crozon).<br>Elle propose aussi des animations et des sensibilisations :<br> – travail en amont avec des classes élémentaires ou collèges,<br> – animations scolaires (rencontres, mini-concerts),<br> – master classes à l’école de musique, participation des élèves en première partie des concerts.<br> –  concerts à l’école : dans le cadre scolaire, concert par des professeurs de l’école de musique ou des musiciens de l’Orchestre Universitaire de Brest et du Conservatoire : 2 concerts dans l’année.<br> – résidence-création quand l’opportunité se présente et le budget possible.</p>



<p><strong>PUBLICS</strong><br>– Tous les amateurs de spectacles musicaux résidant principalement en Presqu&rsquo;île, <br>– les enfants par le biais des écoles (concerts le dimanche après-midi ou concerts à l’école),<br>– les personnes âgées (concerts le dimanche après-midi, tarifs réduits),<br>– les élèves de l’école intercommunale de musique (gratuité, master classes),<br>– les publics non «spécialistes» qui fréquentent peu le Quartz ou autres salles de spectacle (collaboration avec l’Ulamir Centre Social pour la promotion des spectacles et la vente des places).<br></p>



<p><strong>BÉNÉFICIAIRES<br></strong>Environ 1000 spectateurs par an (entrées aux concerts), gratuité des élèves de l’école intercommunale de musiques, des classes des écoles primaires ou maternelles, des collèges de toute la Presqu’île.</p>



<p><strong>LIEUX</strong><br>– salle Ty Skol à Saint-Hernot (100 places), <br>– église Saint-Pierre de Crozon (650 places).<br>– Et très bientôt la salle de spectacles « Améthyste ».</p>



<p><strong>AUTRES INFOS</strong><br>– L’association est aidée par la municipalité de Crozon (aide plafonnée à 4 concerts par an sur d’éventuels déficits,  remboursement de quelques places gratuites, affichage «Decaux» et plaquette d’information) et par le Conseil départemental.<br>–  L’association a milité pour la construction en Presqu’île d’une salle «modeste» mais équipée (300 places) qui accueillira spectacles, résidences, répétitions. Elle a participé très activement aux quelques réunions concernant ce projet et a demandé à mettre en place des échanges plus nombreux entre décideurs, constructeurs et futurs usagers.<br>– L’association a une licence d’entrepreneur du spectacle (3-1123217).<br>– Les projets 2020-2021 mettent en œuvre une collaboration entre l’école de musique <em>Kaniri ar Mor</em>, l’orchestre universitaire de Brest et le Conservatoire régional de Brest (musiciens de la classe de composition).</p>



<p class="has-text-align-center has-accent-color has-white-background-color has-text-color has-background">Association <strong>Les Amis de la Musique<br></strong>35 rue Pors Aor<br>29160 Crozon<br>06 08 15 22 09<br>contact AROBASE amimuse.fr<br>Association loi 1901</p>



<p class="has-text-align-center has-accent-color has-text-color">Président : Georges Boulestreau</p>

<p>OBJECTIFSL&rsquo;association veut proposer, hors saison estivale, une programmation et une animation musicale (classique, jazz, musiques traditionnelles de Bretagne et du Monde) en Presqu’île de Crozon : – en direction du plus grand nombre, notamment des enfants (gratuité écoles primaires et collèges) et des personnes âgées, – à des tarifs bas [&hellip;]</p>
