{"id":878,"date":"2021-09-04T14:44:54","date_gmt":"2021-09-04T12:44:54","guid":{"rendered":"http:\/\/amimuse.org\/?page_id=878"},"modified":"2021-09-04T23:44:59","modified_gmt":"2021-09-04T21:44:59","slug":"saison-saison-2020-2021-2021-2020-2021","status":"publish","type":"page","link":"https:\/\/amimuse.org\/?page_id=878","title":{"rendered":"SAISON 2021-2021"},"content":{"rendered":"\n<p><strong>Concerts de la saison 2020-2021<\/strong><\/p>\n\n\n\n<p><a href=\"http:\/\/amimuse.org\/?page_id=765\"><strong>Trio You<\/strong><\/a> (samedi 3 octobre 2020)<br><a href=\"http:\/\/amimuse.org\/?page_id=393\"><strong>Ensemble Romantique de Bretagne<\/strong><\/a> (22 nov 2020) REPORT\u00c9<br><a href=\"http:\/\/amimuse.org\/?page_id=770\"><strong>Concert scolaire<\/strong><\/a> (lundi 30 nov 2020) REPORT\u00c9<br><a href=\"http:\/\/amimuse.org\/?page_id=774\"><strong>Ensemble Les Quatre Vents<\/strong><\/a> (dim 6 d\u00e9c 2020) REPORT\u00c9<br><a href=\"http:\/\/amimuse.org\/?page_id=778\"><strong>Concert scolaire Argol<\/strong><\/a> (ven 22 jan 2021) REPORT\u00c9<br><a href=\"http:\/\/amimuse.org\/?page_id=781\"><strong>Les Poissons Voyageurs<\/strong><\/a> (sam 13 mars 2021) REPORT\u00c9<br><a href=\"http:\/\/amimuse.org\/?page_id=398\"><strong>Orchestre Universitaire de Brest<\/strong><\/a> (sam 22 mai 2021) REPORT\u00c9<br><a href=\"http:\/\/amimuse.org\/?page_id=403\"><strong>Ensemble Diverssimento<\/strong><\/a> (ven 29 juin 2021)<\/p>\n","protected":false},"excerpt":{"rendered":"<p>Concerts de la saison 2020-2021 Trio You (samedi 3 octobre 2020)Ensemble Romantique de Bretagne (22 nov 2020) REPORT\u00c9Concert scolaire (lundi 30 nov 2020) REPORT\u00c9Ensemble Les Quatre Vents (dim 6 d\u00e9c 2020) REPORT\u00c9Concert scolaire Argol (ven 22 jan 2021) REPORT\u00c9Les Poissons Voyageurs (sam 13 mars 2021) REPORT\u00c9Orchestre Universitaire de Brest (sam [&hellip;]<\/p>\n","protected":false},"author":1,"featured_media":932,"parent":0,"menu_order":0,"comment_status":"closed","ping_status":"closed","template":"","meta":[],"_links":{"self":[{"href":"https:\/\/amimuse.org\/index.php?rest_route=\/wp\/v2\/pages\/878"}],"collection":[{"href":"https:\/\/amimuse.org\/index.php?rest_route=\/wp\/v2\/pages"}],"about":[{"href":"https:\/\/amimuse.org\/index.php?rest_route=\/wp\/v2\/types\/page"}],"author":[{"embeddable":true,"href":"https:\/\/amimuse.org\/index.php?rest_route=\/wp\/v2\/users\/1"}],"replies":[{"embeddable":true,"href":"https:\/\/amimuse.org\/index.php?rest_route=%2Fwp%2Fv2%2Fcomments&post=878"}],"version-history":[{"count":6,"href":"https:\/\/amimuse.org\/index.php?rest_route=\/wp\/v2\/pages\/878\/revisions"}],"predecessor-version":[{"id":934,"href":"https:\/\/amimuse.org\/index.php?rest_route=\/wp\/v2\/pages\/878\/revisions\/934"}],"wp:featuredmedia":[{"embeddable":true,"href":"https:\/\/amimuse.org\/index.php?rest_route=\/wp\/v2\/media\/932"}],"wp:attachment":[{"href":"https:\/\/amimuse.org\/index.php?rest_route=%2Fwp%2Fv2%2Fmedia&parent=878"}],"curies":[{"name":"wp","href":"https:\/\/api.w.org\/{rel}","templated":true}]}}