{"id":895,"date":"2021-09-04T15:09:11","date_gmt":"2021-09-04T13:09:11","guid":{"rendered":"http:\/\/amimuse.org\/?page_id=895"},"modified":"2021-09-04T15:09:11","modified_gmt":"2021-09-04T13:09:11","slug":"quartet-emma","status":"publish","type":"page","link":"https:\/\/amimuse.org\/?page_id=895","title":{"rendered":"QUARTET EMMA"},"content":{"rendered":"\n<p class=\"has-text-align-center has-medium-font-size\">PAUL JARRET \u00a0 Emma<br><strong>Mercredi 6 octobre 2021 &#8211; 20 h 30<br><\/strong>Salle Ty Skol \u00e0 Saint-Hernot (Crozon)<\/p>\n\n\n\n<p>\u00c0 travers son projet EMMA, le guitariste franco-su\u00e9dois Paul Jarret s\u2019inspire de l\u2019immigration su\u00e9doise vers les \u00c9tats-Unis au d\u00e9but du XIXe si\u00e8cle. Un th\u00e8me qui entre en r\u00e9sonance avec de nombreuses probl\u00e9matiques contemporaines. Avec son quartet, il cr\u00e9e une musique de chambre qui brouille les fronti\u00e8res entre jazz, improvisation libre, musiques minimalistes et r\u00e9p\u00e9titives, s\u2019inspirant de musique traditionnelle su\u00e9doise, de po\u00e8mes \u00e9voquant l\u2019exil et de m\u00e9lodies scandinaves.<\/p>\n\n\n\n<div class=\"wp-block-image\"><figure class=\"aligncenter size-large\"><img loading=\"lazy\" width=\"400\" height=\"336\" src=\"http:\/\/amimuse.org\/wp-content\/uploads\/2021\/09\/Quartet-Emma-site-300.jpg\" alt=\"\" class=\"wp-image-897\" srcset=\"https:\/\/amimuse.org\/wp-content\/uploads\/2021\/09\/Quartet-Emma-site-300.jpg 400w, https:\/\/amimuse.org\/wp-content\/uploads\/2021\/09\/Quartet-Emma-site-300-300x252.jpg 300w\" sizes=\"(max-width: 400px) 100vw, 400px\" \/><\/figure><\/div>\n\n\n\n<p class=\"has-text-align-center\">Paul Jarret : guitare <br>\u00c9l\u00e9onore Billy nyckel : harpa<br>\u00c9tienne Renard : contrebasse<br>Hannah Tolf : voix et percussions<\/p>\n\n\n\n<p class=\"has-text-align-center\">Tarifs : 8\u20ac &#8211; 5 \u20ac &#8211; Gratuits moins de 16 ans et \u00e9l\u00e8ves de l\u2019\u00e9cole de musique.<br>Organisation : Les Amis de la musique. Licence 3-1123217<br>R\u00e9servation : R\u00e9servation librairie Le Parchemin une semaine avant le concert.<\/p>\n\n\n\n<div class=\"wp-block-image\"><figure class=\"aligncenter size-large\"><img loading=\"lazy\" width=\"200\" height=\"200\" src=\"http:\/\/amimuse.org\/wp-content\/uploads\/2021\/09\/logoAJF21-200.jpg\" alt=\"\" class=\"wp-image-896\" srcset=\"https:\/\/amimuse.org\/wp-content\/uploads\/2021\/09\/logoAJF21-200.jpg 200w, https:\/\/amimuse.org\/wp-content\/uploads\/2021\/09\/logoAJF21-200-150x150.jpg 150w\" sizes=\"(max-width: 200px) 100vw, 200px\" \/><\/figure><\/div>\n","protected":false},"excerpt":{"rendered":"<p>PAUL JARRET \u00a0 EmmaMercredi 6 octobre 2021 &#8211; 20 h 30Salle Ty Skol \u00e0 Saint-Hernot (Crozon) \u00c0 travers son projet EMMA, le guitariste franco-su\u00e9dois Paul Jarret s\u2019inspire de l\u2019immigration su\u00e9doise vers les \u00c9tats-Unis au d\u00e9but du XIXe si\u00e8cle. Un th\u00e8me qui entre en r\u00e9sonance avec de nombreuses probl\u00e9matiques contemporaines. Avec [&hellip;]<\/p>\n","protected":false},"author":1,"featured_media":898,"parent":0,"menu_order":0,"comment_status":"closed","ping_status":"closed","template":"","meta":[],"_links":{"self":[{"href":"https:\/\/amimuse.org\/index.php?rest_route=\/wp\/v2\/pages\/895"}],"collection":[{"href":"https:\/\/amimuse.org\/index.php?rest_route=\/wp\/v2\/pages"}],"about":[{"href":"https:\/\/amimuse.org\/index.php?rest_route=\/wp\/v2\/types\/page"}],"author":[{"embeddable":true,"href":"https:\/\/amimuse.org\/index.php?rest_route=\/wp\/v2\/users\/1"}],"replies":[{"embeddable":true,"href":"https:\/\/amimuse.org\/index.php?rest_route=%2Fwp%2Fv2%2Fcomments&post=895"}],"version-history":[{"count":1,"href":"https:\/\/amimuse.org\/index.php?rest_route=\/wp\/v2\/pages\/895\/revisions"}],"predecessor-version":[{"id":899,"href":"https:\/\/amimuse.org\/index.php?rest_route=\/wp\/v2\/pages\/895\/revisions\/899"}],"wp:featuredmedia":[{"embeddable":true,"href":"https:\/\/amimuse.org\/index.php?rest_route=\/wp\/v2\/media\/898"}],"wp:attachment":[{"href":"https:\/\/amimuse.org\/index.php?rest_route=%2Fwp%2Fv2%2Fmedia&parent=895"}],"curies":[{"name":"wp","href":"https:\/\/api.w.org\/{rel}","templated":true}]}}